 -v*q - 5*f + 2090. Is q composite?
False
Let q = 5331 - 8029. Let p = q + 6445. Is p prime?
False
Suppose -11 = d + 12. Let h be d/4 + (-4)/16. Let y(i) = -24*i + 5. Is y(h) a composite number?
False
Let n be (2/(-4))/((-1)/304). Suppose 13 = -b + 4*j, j = b - 0 + 22. Let q = n - b. Is q composite?
True
Suppose -2*v - 3*r + 8 = 0, 5*v + 2*r = -0*r + 42. Suppose 4*z - 4 = 2*p, z + 5*p + v = -2*z. Let a(d) = d**3 + d**2 + 2*d + 697. Is a(z) a prime number?
False
Let g(w) = -12*w**3 - 2*w**2 - w + 1. Let o be 48/36 - 13/3. Let b be g(o). Suppose -3*a + 137 = n - b, -2*a + 4*n + 298 = 0. Is a a composite number?
False
Let j = -44 - -71. Is (534/(-4))/(j/(-90)) a prime number?
False
Suppose -8*h + 4*h + 16 = 0. Suppose -i + h*z = -103, 2*i - 507 = -2*i - 3*z. Is i a composite number?
True
Let g = 16 + -12. Suppose -g*r - 889 = 219. Let l = -100 - r. Is l a prime number?
False
Suppose -5*v + 0*v - 60911 = -2*u, -3*u + 4*v + 91356 = 0. Suppose 9*w = -7*w + u. Is w prime?
False
Let c be 29211/49 - 2/14. Let g = 33 + c. Is g a composite number?
True
Let f(x) = -1381*x**3 - 3*x - 3. Is f(-1) a prime number?
True
Suppose -3*u = -0*p - p - 7, -4*u + 21 = p. Suppose 4*z = -12, 4*a = -a - p*z + 2160. Let y = 1070 - a. Is y a composite number?
True
Suppose 0 = 360*m - 355*m - 14695. Is m prime?
True
Suppose n + n = -5*i + 23, -4*i + 32 = 5*n. Suppose -i*w = 3*q - 390, 267 = 4*w - 2*q - 247. Is w prime?
False
Suppose 7*q = 12*q. Suppose -3*t = q, z - 1061 = 2*t - t. Is z composite?
False
Suppose i + 8 + 7 = 0. Let n be (i - -13)/((-1)/(-14)). Let w = n + 114. Is w a composite number?
True
Suppose u - 5*w = 8, u + 6 = -w + 2. Let s = 3 - u. Suppose -s*d - 3*t + 111 = 0, t - 99 = -5*d + 4*t. Is d prime?
False
Let h = -1624 - -2831. Is h composite?
True
Let u = -12 + 9. Let k(w) = -88*w + 5. Let s be k(u). Let x = s - 148. Is x composite?
True
Let p(c) = -149*c**3 + 3*c**2 + c + 9. Is p(-4) a prime number?
False
Suppose 110653 = 14*o + 8887. Is o a prime number?
False
Let u = 9525 + -4670. Is u a prime number?
False
Is 5052/8 + -2 - 1/2 a composite number?
True
Let d = 15 + -11. Suppose -20*k + 356 = -364. Suppose -k = -d*w + 148. Is w composite?
True
Let c(l) be the second derivative of -l**5/20 + 5*l**4/6 + l**3/3 + l**2/2 - 30*l. Suppose v + 3 = w, 5*w + 5*v - v - 60 = 0. Is c(w) a composite number?
True
Suppose 2*s - 72 = -2*s. Let c be 24/s - (-2)/3. Is c/(-3)*795/(-10) a composite number?
False
Let k(u) = -4*u - 8. Let w(c) = -11*c - 25. Let g(z) = 8*k(z) - 3*w(z). Let i be g(-6). Suppose -5*d = 2*l - 3246 - 137, -i*l - 682 = -d. Is d composite?
False
Suppose -2*l + 28 = -52. Suppose -2*k + k = l. Let x = k + 59. Is x a composite number?
False
Let n = -440 + 981. Is n a prime number?
True
Let c = 51507 - 35096. Is c prime?
True
Let b = -3309 - -7100. Is b prime?
False
Suppose 4*j = 5*a - 25348 - 24361, 5*j = -5. Is a composite?
False
Let b(q) = -5*q**3 - 10*q**2 + 7*q - 25. Let f(m) = m**3 - m**2 + m + 1. Let n(y) = -b(y) - 6*f(y). Is n(12) composite?
False
Suppose -4*n = -n - 9. Let y(d) = -6*d**2 - 15*d - 1. Let h be y(-6). Is h*1*(-4 + n) prime?
True
Let c = 6526 + -2477. Is c prime?
True
Let h(z) = -18*z**3 + 14*z**2 + 16*z - 7. Is h(-8) composite?
True
Let i = 49 + -44. Suppose 2*j - l = i*j - 1117, -5*j + 1861 = 2*l. Is j a composite number?
False
Let r(k) = -k**3 - 19*k - 3. Is r(-6) a prime number?
False
Let a = 22701 - 14092. Is a composite?
False
Let h(t) = -t**3 - 2*t**2 - t - 1. Let u(a) = -a**3 + 4*a**2 - 5*a + 4. Let l be u(3). Let w be h(l). Is 2*(282/4 + w) a prime number?
False
Suppose -4*n + 4148 = 2*y - 746, 3*n = -12. Suppose 4*d - y = q, 0 = 4*q - 3 - 1. Is d a composite number?
True
Let b be ((-184)/(-12) - 4)*-177. Let f = 3063 + b. Is f prime?
False
Let v = -4 - -4. Let m be 12/4 + v - -2. Suppose p - 2 = -1, -m*f + 1190 = -5*p. Is f a prime number?
True
Suppose 2*j = 2*k - 1 - 9, -1 = k + j. Suppose 3*g - 5*r = k*g + 2068, 3*g + r = 6156. Is g a composite number?
False
Let k = -8 + 13. Suppose -k*i - 2*p + 182 = 68, 3*i + 2*p = 66. Let r = i - -53. Is r composite?
True
Is (7 + 7)/(-7)*76281/(-6) a prime number?
False
Let f(k) = k**3 - 6*k**2 + 7*k - 3. Let o be f(5). Suppose 6*b - o*b = -1016. Is b/(-20)*(-15)/6 prime?
True
Suppose -2*q = d + 2*d - 3281, -2*q + 2*d + 3256 = 0. Suppose -231 = 2*i - q. Is i composite?
False
Is ((-52372)/(-6))/(5/(45/6)) a prime number?
True
Let g(l) = 6*l**2 - 8*l - 11. Let i(q) = -q**3 - 8*q**2 + 21*q + 4. Let f be i(-10). Is g(f) a prime number?
False
Suppose -4*f - 2*j = 2*j + 8660, -f + j = 2163. Is ((-3)/(-2))/((-6)/f) prime?
True
Let v(z) = z**3 + 9*z**2 - 4*z + 6. Suppose -5*p - 30 - 15 = 0. Let h be v(p). Suppose -3*t + h = -600. Is t prime?
False
Suppose -5*j = -5*i, 2 + 1 = 2*i - 5*j. Let w(t) = -3 + 4 - 88*t - 2. Is w(i) composite?
True
Let u(s) = s + 46. Let t be u(-16). Suppose t*b + 5866 = 32*b. Is b prime?
False
Suppose 2*o + 15 = 4*q + q, -o + q = 3. Suppose o = -d + 854 + 1115. Is d a composite number?
True
Let i = 11470 - 6719. Is i a prime number?
True
Suppose 0 = -34*u + 38*u - 136108. Is u composite?
True
Suppose 10*s = 7*s + 1137. Is s prime?
True
Let t = 18 + 1. Suppose 0 = -t*s + 18*s + 181. Is s prime?
True
Suppose 3*z + 3*w = -2*z + 4565, 0 = -5*z - w + 4565. Let d = z + -534. Is d prime?
True
Suppose 0*d = -7*d + 70. Suppose d*v = 14486 - 4176. Is v prime?
True
Let i be 4/(-1) + (2 - -24). Suppose -21*f - 307 = -i*f. Is f a composite number?
False
Suppose 6*i + 4*p - 21590 = 0, -16*p - 10775 = -3*i - 14*p. Is i a composite number?
True
Suppose -2*d - 2*n + 6 = 0, 0 = -5*n - 8 + 3. Let w be (-695)/15 + d/3. Let o = -14 - w. Is o a composite number?
False
Suppose -3*j + 9 = 0, -29010 = -4*h + 2*j + 7100. Is h prime?
True
Let j(p) = p - 1. Let a be j(-5). Let d be (3352/6)/(a/(-9)). Suppose 3*l - 5*l = -d. Is l composite?
False
Suppose -13362 = -0*d + 6*d. Let n = d + 3588. Is n a composite number?
False
Let y = 9993 - -3964. Is y prime?
False
Suppose -3*s - 3*d + 13 = -5*d, 4*d = -s - 5. Suppose -3*k - i + 2520 = 0, s*k - i = i + 2511. Is k composite?
False
Let o be 2/((-4)/(-3))*2. Is (-1 - 0)/(0 - o/237) composite?
False
Suppose -2396 = 5*z + 2*i, 2*i = 5*z + 7*i + 2390. Suppose 3*l - 2*d = -983, -2*d - 10 = -0*d. Let g = l - z. Is g a composite number?
False
Let q(i) = 173*i + 43. Let z(s) = -86*s - 21. Let x(c) = -4*q(c) - 7*z(c). Is x(-8) composite?
True
Suppose -96*f + 3*p + 173617 = -94*f, 3*f - 260445 = -2*p. Is f a composite number?
False
Is 9/(45/20) - (-2980)/4 prime?
False
Let d be (2/(-3))/(4/42). Let k = d - -11. Suppose -124 = -4*r - k*g, 0 = -r + 4*r - 4*g - 121. Is r a composite number?
True
Suppose 2*m + 6 = 12. Suppose -248 + 2009 = m*v. Is v a composite number?
False
Let x(d) = d**3 - 4*d**2 - 7*d + 4. Let t be x(5). Let b = t + 10. Suppose 3*c - b*i = 145, 0*c + 43 = c - 4*i. Is c prime?
False
Let j be 4/18 + (-8)/36. Let k be 4 + (2 + -2 - j). Suppose b - 1679 = -4*r - 2*b, 2*b + 1674 = k*r. Is r a prime number?
True
Let c = 2101 - 1062. Is c a prime number?
True
Let c = 176 + 96. Is ((-136)/(-32))/(-2*(-2)/c) composite?
True
Let j(q) = 2*q**3 - 4*q**2 + 32467. Is j(0) composite?
False
Is -1 - -2 - 260120/(-35) a composite number?
False
Let k = 142 + -153. Let d(o) = 17*o**2 + o + 5. Is d(k) a prime number?
False
Let z be (3*208)/(3/2). Suppose 3*n - 31 - z = 0. Is n a composite number?
False
Suppose -5*p + 12683 + 1537 = 5*n, 4*n + p - 11373 = 0. Is n a composite number?
False
Let i(s) = 72262*s - 27. Is i(1) a composite number?
True
Is 3/(((-27)/(-1931))/9) composite?
False
Let j(g) be the third derivative of g**5/60 + g**4/6 + g**3 - 8*g**2. Let a be j(-4). Suppose k - a*k + 2*i + 1268 = 0, -k = i - 255. Is k a prime number?
False
Let s be ((-2)/3)/((-8)/(-480)). Let a = s - -135. Suppose 4*h = 653 + a. Is h prime?
False
Suppose 0 = l - 4*l + 15. Suppose 4*x = b + 3*b - 1228, -2*x + 1500 = l*b. Suppose 0 = 5*g - 503 - b. Is g prime?
False
Let p(l) = -l**3 - 32*l**2 + 49*l + 67. Is p(-35) a composite number?
False
Suppose 3*f + 5*h + 231 = 0, -3*f + 2*h = -20 + 251. Let d be 1230/8 - (-1)/4. Let j = d + f. Is j prime?
False
Let w(i) = 131*i + 14. Let b be 5/(3*1/3). Is w(b) composite?
True
Let l = -3533 + 2524. Let r = l + 1596. Is r a prime numb